is the highest common divisor of y and 57?
19
Let q = 14 - -9. Let z be 1*2*46/4*1. What is the greatest common divisor of q and z?
23
Let h = -132 - -152. Calculate the greatest common divisor of 140 and h.
20
Suppose -4*f + 16 - 4 = 0. Suppose 6*s - 18 = f*s. Calculate the greatest common divisor of 15 and s.
3
Suppose 0*n - 50 = -2*n. Let f(k) = 9*k**2 - k. Let v be f(-1). What is the highest common factor of v and n?
5
Let l = 128 - 72. Suppose 5*y - 13 = 2*w + w, -3*y + 7 = -2*w. Suppose -y*r = -r - l. What is the greatest common divisor of 35 and r?
7
Let v = -1 - -37. Suppose 6*x - 2*x = v. Suppose m - 5*a - 6 = 0, -3*a - 15 = -3*m + 3. Calculate the greatest common divisor of x and m.
3
Suppose -2*o + 4*b + 23 - 5 = 0, 3*o + 2*b - 19 = 0. Suppose -1 + o = 2*p. Let w = -25 + 52. Calculate the highest common factor of w and p.
3
Let y be -66*4/(-8) - 3. Suppose z + 2 = 2*h, -z - 2*h + 20 = z. Calculate the highest common divisor of y and z.
6
Let d = 20 + -23. Let r(b) = -2*b**3 - 2*b**2 + 7*b - 1. Let s be r(d). Calculate the greatest common factor of s and 21.
7
Let s be 0 + 110 + (2 - 2). Suppose -5*k - 12 = 2*q + 7, 4*k = -3*q - 32. Let l = q - -34. What is the highest common factor of s and l?
22
Let c(g) = g**2 - 8*g + 14. Let p be c(6). Let x(t) = 2*t**2 - 8*t + 6. Let n be x(5). Calculate the greatest common factor of p and n.
2
Suppose 3*c - 2*h - 1 = 20, -3 = h. Suppose -3*i = -5*t + 7*t - 8, c*i - 3*t - 7 = 0. Calculate the highest common factor of i and 1.
1
Let n = -24 + 68. Calculate the greatest common divisor of n and 352.
44
Let y(t) = 4*t**2 + 4*t - 9. Let c(p) = -3*p**2 - 4*p + 9. Let w(n) = 5*c(n) + 4*y(n). Let d be w(7). Calculate the greatest common factor of d and 45.
15
Let o(d) = -2*d - 5. Let x be o(-6). Suppose 0 = 4*a - a + 12, -5*a - 21 = -u. What is the highest common divisor of u and x?
1
Let w(f) = 19*f**2 + f. Let d be w(1). What is the greatest common factor of 10 and d?
10
Let h(m) = 27*m**2 - m - 2. Suppose -5*k + 33 = -4*p - 0*k, k = 5. Let y be h(p). What is the greatest common factor of y and 12?
12
Suppose 10 = i - 2*t, 2*i + 2*t - 1 = 7. Calculate the greatest common factor of i and 12.
6
Let r = -3 + 7. Suppose 3*q = r*o - 432, 4*o + 2*q + 111 = 543. What is the highest common factor of 12 and o?
12
Let n(c) = 2*c**3 - 3*c**3 + 7*c - 6*c + 3*c**2 - 6 + 6*c. Let h be n(4). Let y be (-52)/(-6)*9/h. Calculate the highest common factor of 143 and y.
13
Let y be 7/(-4) + 1/(-4). Let j be (3/y)/((-3)/6). Suppose n - j*z + 5*z = 0, -8 = n + 4*z. What is the greatest common factor of n and 56?
8
Let x be 2/(-7) + 725/(-35). Let a = x + 27. What is the greatest common divisor of 4 and a?
2
Let n be -1*6/3 + 22. Calculate the highest common divisor of 30 and n.
10
Let h = 55 - 37. Let n(q) = -3*q - 1. Let u be n(-1). Suppose u*o = 20 + 4. What is the highest common factor of o and h?
6
Suppose 0*m - 5 = -m. Suppose 0 = x - 2*x - m*a + 35, a = -2*x + 115. What is the highest common factor of 24 and x?
12
Let v = 109 - 99. Calculate the greatest common factor of 80 and v.
10
Let h be 2*6*20/16. What is the highest common factor of 3 and h?
3
Let g be -3 - -1 - (-3 + -4). Let h be 3 + 0 + (-1 - -3). Suppose h*y - 24 = 1. What is the highest common factor of g and y?
5
Suppose 5*j - 3*u = -93 + 227, 2*j - 64 = -4*u. What is the greatest common factor of j and 84?
28
Let t = 86 + -56. Let a be 2/1*(-3)/(-2). Suppose -s - a*s = -20. Calculate the greatest common factor of t and s.
5
Let c(b) = -2*b. Let w be c(-2). Suppose -40 = -w*k + 2*u, 3*u = 2*k - u - 26. What is the greatest common divisor of 1 and k?
1
Suppose 3*f + 3*i - 139 = 128, -5*f + 443 = 3*i. What is the greatest common divisor of f and 24?
8
Let p be 1/(-3) - (-21)/9. Suppose 19 + 9 = p*b. Let h = 265 - 167. Calculate the highest common divisor of b and h.
14
Let a = -129 - -316. Suppose -4*n = 4*k - 352, -3*n + 5*k = 4*k - 252. Suppose -3*m = 2*m - n. What is the greatest common divisor of a and m?
17
Let w(l) = 3 + 1 - l + 0*l. Let t be w(0). Let v be ((-4)/3)/(t/(-18)). Calculate the highest common divisor of 24 and v.
6
Let v be (-1 - 0 - -1) + 40. Let n(l) = l + 8. Let d be n(2). What is the highest common factor of d and v?
10
Let l = 3 + -3. Suppose 2*z - 30 + 8 = l. Calculate the greatest common divisor of 121 and z.
11
Suppose -2*u + 0*a + 33 = -5*a, -4*u = 2*a - 6. Suppose -4*d = 4*g - 12, 19 = 5*g - 3*d + u. Calculate the highest common factor of 9 and g.
3
Let n be 11/(-2)*(-4)/2. Let g(o) = 5*o**2 - o - 1. Let p be g(5). Suppose 0*s + 3*w + p = 5*s, 2*w = s - 28. What is the greatest common divisor of s and n?
11
Let x(w) = w + 45. Let y be x(-3). What is the greatest common factor of 28 and y?
14
Suppose 2 - 14 = 3*y. Let d = 18 + y. What is the highest common divisor of 56 and d?
14
Let w(j) = -j + 11. Let q be w(9). Suppose -24 - 6 = 2*o - 3*g, -q*o = -g + 34. Let x be 2/(-2) + (1 - o). What is the greatest common factor of x and 36?
18
Let z(p) = -11*p**3 + 3*p**2 - 1. Let v be z(-2). Let r be (-9 + 3)*v/(-6). What is the highest common divisor of r and 9?
9
Let k be 2 + 0*1/(-2). Suppose k*o = -5*b + 26, 2*b - 14 = -4*o + 2*o. Suppose -9 = -h + v + 4, v = b*h - 49. Calculate the greatest common divisor of h and 24.
12
Let r(p) = p + 3. Let t be r(5). Let m = 1 - -55. What is the greatest common divisor of t and m?
8
Suppose 0 = -o + l + 4, 4*l = -2*o + l - 7. Let n = -2 - -5. What is the greatest common divisor of o and n?
1
Suppose -4 - 1 = -z, 4*v - 3*z = 49. Calculate the highest common factor of 8 and v.
8
Let u = -45 + 60. Calculate the highest common factor of 15 and u.
15
Suppose -2*w = 3*w + 5*o - 815, -666 = -4*w + 3*o. Calculate the highest common divisor of 15 and w.
15
Suppose -t = -0*t - 12. Let f(x) = x**3 + x**2 - x + 8. Let z be f(0). Suppose 0 = 2*l - z - 4. Calculate the greatest common divisor of t and l.
6
Let w = 10 - 7. Suppose -2*m + w*m = 11. What is the greatest common factor of 77 and m?
11
Let f = -8 + 13. Let i = -1 + 1. Suppose -f*p + 827 - 197 = i. Calculate the greatest common factor of 14 and p.
14
Suppose 2*w = 5*w. Suppose w = 2*y - 0*y - 4. What is the highest common divisor of 10 and y?
2
Let t(x) = x**2 + x - 5. Let a be t(-4). Let f = -7 - -17. Let m be ((-4)/(-6))/(f/105). What is the highest common divisor of m and a?
7
Let f(k) = -4*k - 13. Let s be f(-4). What is the highest common factor of 24 and s?
3
Let u(g) = -1 + 7*g**2 + 1 + 2 + g**3 - g + 5*g. Let f be u(-6). Calculate the greatest common factor of 2 and f.
2
Let z(i) = i**2 + 22*i + 50. Let j be z(-20). What is the highest common divisor of j and 90?
10
Let f(z) = 33*z + 1. Let b be f(3). Let g be ((-5)/(-6))/(178/(-60) + 3). What is the highest common divisor of g and b?
25
Let c(p) = -10*p - 20. Let w be c(-8). What is the greatest common factor of 24 and w?
12
Suppose -x = 101 - 279. Let p be (8/(-6))/(1/(-228)). Let c = p - x. What is the highest common factor of 14 and c?
14
Suppose 0 = 5*c + x - 33 - 36, 0 = 3*c + 5*x - 37. Suppose -2*g + c + 10 = 0. Calculate the highest common factor of g and 12.
12
Suppose 4*f - 3*o - 228 = -2*o, 5*f - 5*o - 285 = 0. Calculate the greatest common divisor of 3 and f.
3
Let x = 1 + 5. Calculate the greatest common factor of x and 54.
6
Let a(i) = -6*i - 4. Let p be a(-3). Suppose p + 30 = 4*o. Suppose 0 = 3*v + 2*v + 4*w - 538, w - 547 = -5*v. What is the highest common factor of o and v?
11
Let k be (-1170)/(-75)*((-40)/(-6))/2. Calculate the highest common factor of k and 13.
13
Let c(i) = 4*i**2 + i + 11. Let q be c(-3). Calculate the highest common divisor of 44 and q.
44
Let u be -150*(28/(-8))/7. Calculate the greatest common divisor of 50 and u.
25
Let y be (27/(-15))/((21/10)/(-7)). Calculate the greatest common divisor of y and 21.
3
Let u be 7/(-35) + (-21)/(-5). Suppose -n - 3*x + 45 = 0, -u*n + 5*n + 2*x - 40 = 0. What is the highest common factor of 75 and n?
15
Let x(z) = -1 + 2 - 13*z - 5 - z**2. Let i be x(-10). Suppose 6 - i = -5*w. Calculate the greatest common divisor of 16 and w.
4
Let b(f) = -2*f - 9. Let n be b(-6). Calculate the greatest common divisor of n and 4.
1
Suppose -11 = 4*t - 27. Suppose 4*h - 27 = -i, 4*i - 3*i + 3*h = 22. Suppose -3*x + 5 + i = 0. C